3. Let f(z) = -z**3 - 4*z**2 - 3*z - 4. Let a be f(-3). Let v = 10 - a. What is the remainder when v is divided by i(-5)?
6
Suppose 2*f = 4*x + 74, -4*x + x = 4*f - 115. What is the remainder when f is divided by (-1)/((-2)/2)*(-550)/(-50)?
9
Let s = 135 - 96. Calculate the remainder when s is divided by 21.
18
What is the remainder when 25 is divided by 2*((-126)/(-4))/9?
4
Suppose 3*q - 21 = 60. What is the remainder when q is divided by 7?
6
Let b = 19 - 9. Calculate the remainder when (1 - 2)/((-1)/35) is divided by (-2 - b)/(1 + -2).
11
Let a(s) = -s**3 - 9*s**2 - s - 13. Let b be a(-9). Let l(u) = 29*u + 5. Let t be l(b). Let j = 177 + t. What is the remainder when j is divided by 17?
15
Let l = -18 + 46. What is the remainder when 137 is divided by l?
25
Suppose -27 = -5*m - 2*j + 3, 4*j = m - 28. Calculate the remainder when 38 is divided by m.
6
Let n(p) = 151*p**3 + 2*p**2 - p. Calculate the remainder when n(1) is divided by 31.
28
Suppose p - 3*p = -18. Let m be 170/(-4)*4/(-5). Let d = m - 18. Calculate the remainder when d is divided by p.
7
Let z(q) = -18*q - 1. Let v be z(1). Let h = 29 + v. Let m = 16 + 12. What is the remainder when m is divided by h?
8
Suppose -4*k - c = 2*c - 26, k = -5*c - 2. Suppose 4*h - 35 = 3*n, 4*h + 5 = -4*n + h. Let a = n + k. Calculate the remainder when 5 is divided by a.
2
Let t be 38/9 - (-8)/(-36). Calculate the remainder when 6 is divided by 0/(t/2) + 4.
2
Let n = -15 - -15. Suppose -5*x + 5 = -10. Suppose -5*i = -x*d + 24, -3*d + n*d - 5*i = -54. Calculate the remainder when d is divided by 7.
6
Suppose 121 = -5*y - 9. Let b = -46 - y. What is the remainder when 19 is divided by (-3)/(46/b - -2)?
9
Let y be ((-8)/6)/(2/9). Let w = 10 + y. What is the remainder when 11 is divided by w?
3
Let o(k) = -k**2 - 12*k + 20. Let p be 1*1*2/(-2). Calculate the remainder when o(-9) is divided by ((-26)/2 + 1)*p.
11
Suppose h - 3*a = 2, 0*a = -4*a. Let w be (0 - 2) + h + 9. What is the remainder when 18 is divided by 3*10*3/w?
8
Suppose 2*k - 64 = -3*p - 3, -3*p + 36 = -3*k. Let z = 8 + p. Calculate the remainder when z is divided by 9.
7
Suppose 870 = -11*w + 21*w. What is the remainder when w is divided by 11?
10
Calculate the remainder when ((-7)/3)/((-4)/60) is divided by 9.
8
Let t = -27 - -19. Let k(u) = 21*u - 2. Let n be k(1). Let h = t + n. Calculate the remainder when h is divided by 3.
2
Let m(h) = -h**2 - 4. Suppose -2*x + 3*r = -r - 12, -5*r - 15 = -4*x. Let u be m(x). What is the remainder when 25 is divided by (2/u)/(2/(-36))?
7
Suppose 3*q = -q + 12. What is the remainder when q - (-1 - (-2)/(-2)) is divided by 3?
2
Suppose 8*y - 9*y + 1 = 0. Calculate the remainder when y - (-4)/(4 + 0) is divided by 2.
0
Suppose 4 = 6*s - 4*s. Suppose -5*z + s*r + 29 = -63, -4*r = 4. Calculate the remainder when 29 is divided by 4/z + 665/45.
14
Let t(a) = 237*a. Let k be t(-1). Calculate the remainder when 2/(-12) + k/(-18) is divided by 1 + (-3 - -1)*-2.
3
Suppose 4*g - 1 = 47. Let q = 46 + g. Let n(b) = -b**3 + 3*b + 2. What is the remainder when q is divided by n(-3)?
18
Let z = -3 + 10. Let x(v) = v + 7. Let p be x(-3). Let w = p + 16. What is the remainder when w is divided by z?
6
Let y be 46/8 - 3/4. Suppose 0*a - 120 = -y*f + 5*a, 2*a + 72 = 3*f. Let t(b) = b**2 + 3*b + 3. Calculate the remainder when f is divided by t(-5).
11
Suppose -5*x + 220 - 20 = 0. Let c = 32 + -18. What is the remainder when x is divided by c?
12
Suppose 3*q - 10 = q. Let c(r) = r - 1. Let a be c(q). Suppose a*o - 7*o = -15. What is the remainder when 19 is divided by o?
4
Suppose -3*u + 2*o = -53, -o = -u - 5*o - 1. What is the remainder when 41 is divided by 66/(-1)*(-5)/u?
19
Let r(a) = 4*a + 16. What is the remainder when r(7) is divided by 15?
14
Let t(w) = -w**3 - 5*w**2 - 5. Let g be t(-5). Let d = 7 + g. Let z(n) = n**2 - 32*n + 61. What is the remainder when d is divided by z(30)?
0
Suppose 5*u - 24 - 1 = -5*w, -5*w + 13 = 2*u. Suppose u*a - 87 = a. Suppose 4*g - g = 45. What is the remainder when a is divided by g?
14
Let o = -3 + 9. Let x = -39 - -76. Suppose -5*n + 142 = x. What is the remainder when n is divided by o?
3
Let s(v) = -3*v - 4. What is the remainder when s(-8) is divided by ((-22)/(-6))/((-2)/(-6))?
9
Suppose 0 = -18*d + 2*d + 3600. Calculate the remainder when d is divided by 38.
35
Let z(g) = -g**2 - 8*g - 7. Suppose -5*h + 3 = 28. Let n be z(h). Suppose n = 5*r + 3. What is the remainder when 2 is divided by r?
0
Let h(z) = -2*z + 3. Let i(k) = k**3 + 9*k**2 - 8*k + 13. Let c be i(-10). Calculate the remainder when 63 is divided by h(c).
12
Let j = 8 - -5. Calculate the remainder when 22 is divided by j.
9
Let d be (-6 - -2)*10/(-8). Suppose -i - 71 = -d*g, -2*g - 33 = -4*g + 5*i. Suppose -4*r + 50 = g. Calculate the remainder when r is divided by 3.
0
What is the remainder when 26 is divided by 154*3/30 - (-4)/(-10)?
11
Suppose 3*c = -n + 20, 4*n = -2*c + c + 25. Let t(x) = -x + 2. Let o be t(4). Let f(r) = 3*r**2 + 2*r. What is the remainder when f(o) is divided by n?
3
Let f(t) = -t**3 + 14*t**2 - 12*t - 13. Let h be f(13). Suppose 0 = -h*s - 3*s + 63. Calculate the remainder when s is divided by 8.
5
Let p(y) = 48*y**2 - 35*y + 34. Let i = 1 + 11. What is the remainder when p(1) is divided by i?
11
Calculate the remainder when (-17)/(0 + (-3 - -2)) is divided by 4.
1
Let f(g) = 35*g**2. Let i be (2 - 2) + 0 + 1. What is the remainder when f(i) is divided by 12?
11
Suppose 4*c + 8 = 3*k - 10, -2*k + 19 = -5*c. Let x = 5 + c. Suppose -3*i + 2*i + a = -34, x*i - 3*a = 64. What is the remainder when i is divided by 13?
12
Calculate the remainder when 67 is divided by (2*(-17)/(-3))/((-20)/(-30)).
16
Suppose 5*d = 6*d - 45. Calculate the remainder when d is divided by 16.
13
Let m = -11 - -31. What is the remainder when 37 is divided by m?
17
Suppose 3*c = -2*a + 70, -a = -2*c - 6 - 15. Calculate the remainder when a + (5 + -1 - 6) is divided by 6.
3
Let j be (7 - -1) + 0/2. Let v = -13 + j. Let u = 7 + v. What is the remainder when u is divided by 1?
0
Suppose -7*m + 26 = -2. Calculate the remainder when 8 is divided by m.
0
Suppose -5*i + 90 = -5*g, 5*i + 149 = -5*g + 49. Let x = g + 11. Let o(q) = q**3 + 7*q**2 - 9*q + 6. Calculate the remainder when o(x) is divided by 5.
4
Suppose 170 = -45*p + 50*p. What is the remainder when 93 is divided by p?
25
Suppose 2*g - 4*g = -92. Let k(i) = -i**2 - 3 + 1 + 0 + 9*i. Calculate the remainder when g is divided by k(7).
10
Let d(v) = v**2 + v + 6. Let k be d(0). Let h(o) = o**2 - 7*o + 6. Let m be h(k). Suppose 4*r = -m*r + 8. What is the remainder when 2 is divided by r?
0
Let i(g) = -g**3 - 4*g**2 + 3*g + 2. Let f = 88 - 54. What is the remainder when f is divided by i(-5)?
10
Let a(h) = -12*h - 45. Calculate the remainder when a(-10) is divided by 19.
18
Let k = 61 - 55. Calculate the remainder when k is divided by 6.
0
Suppose 4*k + 4*p - 138 = 102, 5*p + 127 = 2*k. Calculate the remainder when k is divided by 16.
13
Let h(p) = 5*p**2 - 7*p - 26. Calculate the remainder when h(-5) is divided by 27.
26
Suppose 0 = 3*c - 7*c + 172. Suppose t = c - 13. What is the remainder when t is divided by 16?
14
Suppose -28 = 5*a + s, 3*a - s + 22 = s. Calculate the remainder when ((-51)/(-2))/(a/(-8)) is divided by 18.
16
Suppose 3*u - 80 - 4 = 0. Suppose 3*i = -k - 19, -i + 0*k - 5 = k. Let s = 17 + i. Calculate the remainder when u is divided by s.
8
Suppose -5*d - 10 = 0, -2*y + 7*d + 16 = 2*d. Let n = -6 + 15. Calculate the remainder when n is divided by y.
0
Let d(b) = -b**2 + 3*b + 50. Let y(t) = -t**2 + 10*t - 7. What is the remainder when d(0) is divided by y(6)?
16
Calculate the remainder when (-94)/(-6) + 3/9 is divided by -1*9*(3 - 4).
7
Suppose -6 = -3*u + 5*b, -4*b = 4*u - b - 37. Let y = 66 - 47. Calculate the remainder when y is divided by u.
5
Suppose 0 = 2*m + 3*m - 50. Suppose 4*v - 31 = 41. Calculate the remainder when 20/8*136/m is divided by v.
16
Let v(h) = h**3 - 3*h**2 + 2*h + 1. Let d(y) = -y**3 + 14*y**2 - 11*y - 15. What is the remainder when d(13) is divided by v(3)?
4
Let r(j) be the first derivative of 13*j**3/3 + j**2 - j - 3. Calculate the remainder when 40 is divided by r(1).
12
Suppose -42*d + 33*d + 684 = 0. What is the